d 66?
22
Calculate the highest common divisor of 61 and 1875201.
61
Calculate the greatest common divisor of 9273 and 4389.
33
Calculate the greatest common divisor of 5745 and 3240.
15
Calculate the greatest common divisor of 35 and 920.
5
What is the highest common divisor of 5472 and 4000?
32
Calculate the highest common divisor of 6888 and 1736.
56
What is the greatest common factor of 5012 and 63028?
28
What is the highest common divisor of 664758 and 12?
6
What is the greatest common divisor of 565 and 425?
5
Calculate the greatest common divisor of 399 and 1533.
21
What is the highest common divisor of 309606 and 30?
6
Calculate the highest common factor of 198 and 51.
3
Calculate the highest common factor of 9121 and 21.
7
Calculate the highest common factor of 2030 and 730.
10
Calculate the highest common factor of 133 and 3135.
19
What is the greatest common divisor of 392 and 2989?
49
What is the greatest common factor of 650 and 56225?
325
Calculate the greatest common factor of 40504 and 20984.
488
What is the highest common factor of 180 and 70920?
180
What is the greatest common divisor of 5085208 and 368?
184
What is the highest common divisor of 1164 and 158886?
582
Calculate the highest common divisor of 3994 and 26.
2
Calculate the greatest common divisor of 124 and 8804.
124
What is the greatest common factor of 2636 and 1004?
4
Calculate the greatest common divisor of 24568 and 14276.
332
Calculate the highest common factor of 476 and 7532.
28
Calculate the greatest common factor of 1130364 and 544.
68
Calculate the highest common factor of 75724 and 88.
44
Calculate the greatest common factor of 2196 and 335622.
366
What is the greatest common divisor of 168940 and 20?
20
Calculate the greatest common factor of 390990 and 8.
2
What is the greatest common factor of 1350 and 617490?
270
What is the highest common divisor of 3131 and 23157?
31
Calculate the highest common factor of 3869 and 7897.
53
Calculate the highest common factor of 507 and 425373.
507
What is the highest common factor of 17069 and 53404?
169
What is the greatest common factor of 1540613 and 47?
47
Calculate the highest common divisor of 41015 and 130.
65
Calculate the highest common factor of 972 and 87156.
324
Calculate the greatest common factor of 160862 and 2093.
299
What is the greatest common divisor of 968525 and 38?
19
Calculate the greatest common divisor of 374 and 199529.
187
Calculate the highest common factor of 78090 and 95.
95
Calculate the highest common factor of 483 and 529989.
69
What is the highest common divisor of 63 and 18207?
63
What is the highest common factor of 923 and 2093?
13
What is the highest common factor of 11935 and 48205?
155
Calculate the highest common divisor of 4 and 50.
2
What is the greatest common factor of 42 and 376068?
42
Calculate the highest common divisor of 26559 and 3939.
39
What is the greatest common divisor of 1109004 and 780?
156
What is the greatest common factor of 2673 and 5151762?
891
Calculate the highest common divisor of 540 and 58640.
20
Calculate the greatest common factor of 2380 and 3145.
85
Calculate the greatest common factor of 2115 and 10998.
423
What is the highest common factor of 12 and 39?
3
Calculate the highest common factor of 15 and 65055.
15
Calculate the highest common factor of 8 and 6284984.
8
Calculate the greatest common divisor of 19584 and 969.
51
Calculate the greatest common factor of 2804 and 1467193.
701
Calculate the greatest common factor of 145416 and 5312.
664
Calculate the highest common factor of 1608 and 294867.
201
Calculate the highest common divisor of 11232 and 681291.
351
What is the highest common divisor of 732286 and 3909?
1303
What is the highest common divisor of 63 and 2026017?
63
What is the greatest common factor of 45334 and 1216?
38
What is the highest common factor of 614 and 2362058?
614
What is the highest common factor of 48610 and 2?
2
What is the greatest common factor of 20283874 and 1118?
1118
Calculate the highest common factor of 30 and 1308.
6
Calculate the highest common divisor of 2366 and 39494.
182
What is the greatest common divisor of 16002 and 5418?
126
Calculate the greatest common factor of 37170 and 2520.
630
Calculate the highest common factor of 2120 and 73458.
106
What is the highest common divisor of 4085 and 9?
1
What is the highest common factor of 56646 and 162?
54
What is the greatest common divisor of 7261 and 1781?
137
Calculate the greatest common factor of 876493 and 74.
37
Calculate the highest common divisor of 120 and 132180.
60
Calculate the greatest common factor of 110 and 6395.
5
What is the greatest common divisor of 19410 and 1350?
30
What is the greatest common divisor of 13580 and 1876?
28
What is the greatest common divisor of 46 and 64814?
46
Calculate the greatest common factor of 3605 and 1371342.
721
Calculate the greatest common divisor of 163836 and 41.
41
Calculate the highest common divisor of 5369 and 1590463.
413
Calculate the highest common factor of 218016 and 13536.
288
Calculate the highest common factor of 4960 and 32640.
160
What is the highest common divisor of 668 and 333499?
167
Calculate the highest common factor of 1277991 and 52.
13
Calculate the greatest common divisor of 42 and 24600.
6
Calculate the greatest common factor of 2062 and 1522787.
1031
What is the greatest common divisor of 1273 and 108607?
67
What is the greatest common divisor of 4344 and 21000?
24
Calculate the highest common factor of 2087640 and 45.
45
Calculate the highest common factor of 143 and 44434.
13
Calculate the greatest common divisor of 269395 and 860.
215
Calculate the highest common divisor of 720 and 30582.
18
Calculate the greatest common divisor of 53040 and 83538.
1326
Calculate the greatest common factor of 401546 and 114.
38
What is the greatest common divisor of 43776 and 1024?
256
What is the highest common divisor of 1026 and 24?
6
What is the greatest common divisor of 2185077 and 141?
141
What is the highest common divisor of 506 and 25960?
22
What is the greatest common divisor of 1394666 and 79?
79
Calculate the greatest common divisor of 57 and 5377.
19
What is the highest common divisor of 8 and 925824?
8
Calculate the greatest common factor of 478 and 47083.
239
What is the highest common factor of 1325 and 3233?
53
What is the highest common divisor of 5729 and 86272?
337
Calculate the highest common divisor of 57890 and 270.
10
Calculate the greatest common divisor of 2009 and 2989.
49
Calculate the highest common divisor of 2551 and 2.
1
What is the greatest common factor of 8531 and 36369?
449
Calculate the greatest common factor of 675 and 7890.
15
What is the greatest common divisor of 34470 and 54?
18
Calculate the greatest common divisor of 39416 and 1768.
104
Calculate the greatest common factor of 2993 and 43289.
73
What is the greatest common factor of 35432 and 2752?
344
Calculate the greatest common factor of 30602 and 1144.
286
What is the greatest common divisor of 39406 and 326230?
646
What is the highest common factor of 9599 and 116?
29
Calculate the greatest common factor of 456 and 12612.
12
Calculate the highest common factor of 3584 and 500.
4
Calculate the highest common divisor of 40 and 11555.
5
Calculate the greatest common factor of 612 and 47889.
153
What is the highest common factor of 87912 and 2849?
407
What is the greatest common factor of 2070 and 1605?
15
Calculate the greatest common factor of 69974 and 2006.
118
What is the highest common divisor of 772076 and 5383?
769
Calculate the greatest common factor of 59 and 8909.
59
What is the greatest common factor of 129520 and 80?
80
Calculate the greatest common divisor of 18 and 9859086.
18
What is the greatest common divisor of 735 and 272430?
15
Calculate the highest common factor of 464380 and 60.
20
Calculate the greatest common factor of 161987 and 32704.
511
What is the greatest common factor of 122823 and 1944?
27
Calculate the greatest common divisor of 9589 and 774.
43
What is the highest common factor of 8602 and 30866?
506
What is the highest common factor of 42 and 59493?
21
Calculate the highest common factor of 87 and 454082.
29
What is the greatest common factor of 27213 an